 is the remainder when o is divided by 4?
3
Calculate the remainder when 182 is divided by 28 - (6 + 1 + -2).
21
Let i(z) = z**2 - 4*z - 5. What is the remainder when 39 is divided by i(6)?
4
Let b = 3 - 0. Let k(h) be the second derivative of h**3/6 + h**2 - 2*h. What is the remainder when k(b) is divided by 2?
1
Let i be (-6)/27 + 1534/18. Let d = 7 - i. Calculate the remainder when d/4*6/(-9) is divided by 5.
3
Suppose s - 4*y = 7, 5*y + 69 + 41 = 5*s. What is the remainder when s is divided by 9?
0
Suppose 0 = -5*x + 10*x - 60. Suppose 2 = -o + 6. What is the remainder when (2 + (-6)/o)*70 is divided by x?
11
Let n = 117 - 61. Suppose 5*m = 5*r + 105, -30 = -4*m + 2*r + 50. What is the remainder when n is divided by m?
18
Let i(a) = 2*a**2 - 7*a + 9. Calculate the remainder when 69 is divided by i(5).
21
Let h(m) = 3*m**2 - 15*m + 10. Calculate the remainder when h(8) is divided by 42.
40
Suppose -33 - 77 = -5*w. Let m = -1 + w. Calculate the remainder when m is divided by 11.
10
Suppose 0 = g - 9 - 2. Let m = g - 3. Suppose -7*f + 2*s = -3*f - m, 24 = 4*f + 2*s. Calculate the remainder when f is divided by 3.
1
Let w = 56 - 32. Calculate the remainder when w is divided by 9.
6
Let s(v) = -6*v + 5. Let u be s(5). Let p = u + 50. Suppose -12 = -23*b + 195. What is the remainder when p is divided by b?
7
What is the remainder when ((-4)/(-8))/((-1)/(-22)) is divided by 2?
1
Let q = 25 + -16. Suppose -2*g + 78 = -g. Suppose h = 4*h - g. Calculate the remainder when h is divided by q.
8
Let s be 296/3 - (-2)/(-3). Suppose 5*h - s = 47. Calculate the remainder when h is divided by 0 - 0 - (-9 - 1).
9
Calculate the remainder when 25 is divided by 1*(-3 - 54/(-3)).
10
Suppose 0*h - 5*h + 10 = 0. Suppose 3*y - h*y = 14. What is the remainder when 41 is divided by y?
13
Suppose x - 1 = 5. Let v(q) = q**3 + 3*q**2 - 11*q - 6. Calculate the remainder when v(-4) is divided by x.
4
Let c = -4 - -10. Let p(x) = -x**3 + 6*x**2 + 2*x - 5. Suppose 0 = 4*y + 5*u - 14 - 17, 0 = -4*y + u + 13. What is the remainder when p(c) is divided by y?
3
Let d be (0/1 + 0)/(-1). Suppose 5*c = 2*z + 74, 0 = -c - d*c + 2*z + 10. Calculate the remainder when ((-2)/3)/((-2)/138) is divided by c.
14
Suppose 3*h + 2 = 14. Suppose 0*u = -u - h*g + 14, 5*g = 2*u - 28. What is the remainder when 40 is divided by u?
12
Let s(b) = 8*b - 3. Suppose -5*u - 5*x = -x - 7, 0 = u + x - 1. Calculate the remainder when 83 is divided by s(u).
20
Suppose 0 = -3*o - x - 21 + 177, 3*x + 9 = 0. Suppose -4*f + 6*f + 48 = 0. Let u = f + o. What is the remainder when u is divided by 10?
9
Suppose 0 = -2*z + 31 - 1. Let v = -4 + 9. Suppose -r = -v*d + 147 + 76, 3*d - r - 135 = 0. Calculate the remainder when d is divided by z.
14
Suppose -14 - 2 = -4*i. Let h(s) = -3*s**2 + s**2 + 2*s**2 + s**2 - 1. Calculate the remainder when i is divided by h(-2).
1
Let k(d) be the first derivative of -5*d**2/2 - 3*d + 1. Let p = -12 - -7. Calculate the remainder when 43 is divided by k(p).
21
Let u(y) be the third derivative of -5*y**4/24 - 5*y**3/6 + 4*y**2. What is the remainder when u(-7) is divided by 11?
8
Suppose 4*j - 14 = 3*j. Suppose -4*q - 12*c + 11*c = -220, 0 = q + 3*c - 55. Calculate the remainder when q is divided by j.
13
What is the remainder when 90 is divided by 2/(-1 + 3)*23?
21
Let t(f) = -f**2 + 10*f - 5. Let m be t(7). Suppose m = 3*z - z. What is the remainder when 22 is divided by z?
6
Let w = 1 + -1. Suppose w = 5*h - 3 - 7. Let z = 91 + -89. Calculate the remainder when z is divided by h.
0
Suppose 2*r - n = 54, n + 4*n + 20 = 0. What is the remainder when r is divided by 13?
12
Let t = -22 + 38. Let j(k) = 6*k. Let p(s) = -s**3 + 5*s**2 + 6*s + 5. Let y be p(6). What is the remainder when j(y) is divided by t?
14
Let q = 28 - 21. Suppose -5 = 2*s + u, -7*u + 3*u - 20 = 2*s. Suppose s = -w - w + 6. What is the remainder when q is divided by w?
1
Suppose 0*v = 4*v - 60. Let w = v + 33. Calculate the remainder when w is divided by 10.
8
Suppose 2*k - 45 + 15 = 0. Let x = 278 - 416. What is the remainder when ((-10)/k)/(4/x) is divided by 12?
11
Let i = 4 - 5. Let k = 8 + i. Let b(c) = 5*c**2 - 2*c + 3. Calculate the remainder when b(2) is divided by k.
5
Let l be (-16)/4 + 94/(-2). Calculate the remainder when 33 is divided by (l/9)/((-1)/3).
16
Let q(m) = -100*m**3 + m**2 + m + 1. What is the remainder when q(-1) is divided by 26?
23
Let n(c) = -c**3 - 8*c**2 - 9*c - 1. Let q = 0 + -7. What is the remainder when 1*(1 + 0) - -36 is divided by n(q)?
11
Let b(y) = y**2 + y + 2. Let n be b(0). Suppose j = n*j - 12. What is the remainder when (-8)/j*18/(-4) is divided by 3?
0
Let y be (1 - -1) + 2 - -4. Let g(s) = s**3 - 8*s**2 + 8. Suppose x - 3*x = -5*j - 26, 0 = -2*j. Calculate the remainder when x is divided by g(y).
5
Let i(m) = m + 6. Let s be i(-7). Let b(c) = 3*c**3 - 4*c**2 + c + 2. What is the remainder when b(3) is divided by 19 + (-2 - -1) + s?
16
What is the remainder when 92 is divided by (-1*141/(-6))/(3/6)?
45
Let h = -82 - 0. Let z = -44 - h. What is the remainder when z is divided by 13?
12
Suppose 10 = 2*a + 2*a + 5*l, -6 = 4*a - 3*l. Suppose -3*x - 2*x + 2 = -d, -4*d - x + 34 = a. What is the remainder when d is divided by 5?
3
Let b = 9 + -22. Let l = b + 19. What is the remainder when 21 is divided by l?
3
Suppose 0 = -4*n - g + 4*g + 357, 5*g = -3*n + 304. What is the remainder when n is divided by 12?
9
Suppose 2*g = -0*g + z + 18, 8 = -2*z. What is the remainder when 12 is divided by g?
5
Let b = 14 - 7. Let h(d) be the third derivative of -d**5/60 + 5*d**4/24 + 2*d**2. Calculate the remainder when b is divided by h(4).
3
Suppose -131 = 5*w - 336. Calculate the remainder when w is divided by 14.
13
Let i(k) = k**2 - 3*k + 17. What is the remainder when i(5) is divided by 14?
13
Let i(n) = 20*n**2 - 2*n + 1. Let v = 43 + -6. Calculate the remainder when v is divided by i(1).
18
Suppose -h + 3*k = -3, -5*k - 10 = -3*h + 15. What is the remainder when (6/(-8))/((-2)/152) is divided by h?
12
Let j = -9 + 18. Suppose 0 = 5*w + j - 29. What is the remainder when w is divided by 2?
0
Suppose -12 = -3*n, p - 2*n - 336 = -3*p. What is the remainder when p is divided by 15?
11
Let g = 8 - 13. Let p = 7 + g. Suppose 0*s + p*s - 34 = 0. What is the remainder when s is divided by 9?
8
Let g(z) = 5*z + 10. Suppose -5*x + y = -5, 3*x = 5*x + 3*y - 19. Calculate the remainder when g(-1) is divided by x.
1
Let n(l) = -2*l + 36. What is the remainder when 44 is divided by n(6)?
20
Let b(l) = l**2 - 6*l + 5. Let d be b(6). Suppose y - 2*a + 3*a - 4 = 0, d*y + 10 = a. Calculate the remainder when ((-51)/3 - 3)*y is divided by 7.
6
Suppose 24 = 6*c - 2*c. Let o(d) = -d**2 + 15*d - 10. Let s be o(14). Suppose 5*n - a - 67 = -4*a, s*a = 16. What is the remainder when n is divided by c?
5
Suppose -130 = -5*z + a, -6*z + 80 = -2*z + 4*a. What is the remainder when 48 is divided by z?
23
Let v(j) = 7*j - 4*j + 18 + 9*j - 16. Calculate the remainder when v(3) is divided by 13.
12
Let z(i) be the first derivative of -3*i**2 - i - 2. Calculate the remainder when 21 is divided by z(-2).
10
Suppose -3*y + 2*y = 0. Suppose -4*c - 107 = u + 4*u, -u + 2*c - 13 = y. Let a = u - -34. What is the remainder when 44 is divided by a?
14
Suppose -5*z = -5*o - 45, 23 = -0*o - 3*o + 2*z. Let n = -6 - o. Calculate the remainder when -1*n*(0 + 2) is divided by 1.
0
Let s be (1/3)/(13/78). Suppose -m + 1 = -s. What is the remainder when 6 is divided by m?
0
Suppose -1 - 9 = 5*c. Let b(g) = g**3 + 5*g**2 - 2. Calculate the remainder when (-21)/(0 + 6/(-8)) is divided by b(c).
8
Suppose 0 = 2*z - 0*z. Suppose 0 = b - z*b - 5. Calculate the remainder when 9 is divided by b.
4
Let b = 12 - 10. Suppose 34 = b*t - 0*t + 3*p, -t + 19 = p. Calculate the remainder when t is divided by 12.
11
Let l = 5 - 3. Suppose 1 = -4*q - g + 5, -l*g = 0. Let f = 19 - q. What is the remainder when f is divided by 10?
8
Let m(o) be the first derivative of o**4/4 + 7*o**3/3 + o**2 + 2*o - 1. Calculate the remainder when m(-5) is divided by 11.
9
Let j be (3/(-2))/(3/(-222)). What is the remainder when (10/(-3))/(-5)*j is divided by 15?
14
Let p(g) = 11*g - 15. Let v be p(17). Let d = v - 57. What is the remainder when d is divided